{"id":113,"date":"2026-03-30T23:35:06","date_gmt":"2026-03-30T21:35:06","guid":{"rendered":"https:\/\/guilde-vignerons-thoronet.com\/index.php\/produit\/bib-5l-rose-aop-cotes-de-provence\/"},"modified":"2026-03-30T23:35:06","modified_gmt":"2026-03-30T21:35:06","slug":"bib-5l-rose-aop-cotes-de-provence","status":"publish","type":"product","link":"https:\/\/guilde-vignerons-thoronet.com\/index.php\/produit\/bib-5l-rose-aop-cotes-de-provence\/","title":{"rendered":"BIB 5L Ros\u00e9 &#8211; AOP C\u00f4tes de Provence"},"content":{"rendered":"<table class='wine-details'>\n<tr>\n<td><strong>C\u00e9pages<\/strong><\/td>\n<td>Cinsault &#8211; Grenache &#8211; Syrah<\/td>\n<\/tr>\n<tr>\n<td><strong>Appellation<\/strong><\/td>\n<td>AOP C\u00f4tes de Provence<\/td>\n<\/tr>\n<tr>\n<td><strong>Mill\u00e9sime<\/strong><\/td>\n<td>2024<\/td>\n<\/tr>\n<tr>\n<td><strong>R\u00e9gion<\/strong><\/td>\n<td>Provence<\/td>\n<\/tr>\n<tr>\n<td><strong>Alcool<\/strong><\/td>\n<td>13.5%<\/td>\n<\/tr>\n<tr>\n<td><strong>Garde<\/strong><\/td>\n<td>Pr\u00eat \u00e0 boire<\/td>\n<\/tr>\n<tr>\n<td><strong>Temp\u00e9rature de service<\/strong><\/td>\n<td>8\u00b0C<\/td>\n<\/tr>\n<tr>\n<td><strong>Contenance<\/strong><\/td>\n<td>500 cl<\/td>\n<\/tr>\n<\/table>\n","protected":false},"excerpt":{"rendered":"<p>C\u00e9pages Cinsault &#8211; Grenache &#8211; Syrah Appellation AOP C\u00f4tes de Provence Mill\u00e9sime 2024 R\u00e9gion Provence Alcool 13.5% Garde Pr\u00eat \u00e0 boire Temp\u00e9rature de service 8\u00b0C Contenance 500 cl<\/p>\n","protected":false},"featured_media":0,"comment_status":"open","ping_status":"closed","template":"","meta":[],"product_brand":[],"product_cat":[23,30,20],"product_tag":[61,60],"class_list":{"0":"post-113","1":"product","2":"type-product","3":"status-publish","5":"product_cat-aop-cotes-de-provence","6":"product_cat-bag-in-box","7":"product_cat-rose","8":"product_tag-bag-in-box-5l","9":"product_tag-bib-rose-provence","11":"first","12":"instock","13":"shipping-taxable","14":"purchasable","15":"product-type-simple"},"jetpack_sharing_enabled":true,"_links":{"self":[{"href":"https:\/\/guilde-vignerons-thoronet.com\/index.php\/wp-json\/wp\/v2\/product\/113","targetHints":{"allow":["GET"]}}],"collection":[{"href":"https:\/\/guilde-vignerons-thoronet.com\/index.php\/wp-json\/wp\/v2\/product"}],"about":[{"href":"https:\/\/guilde-vignerons-thoronet.com\/index.php\/wp-json\/wp\/v2\/types\/product"}],"replies":[{"embeddable":true,"href":"https:\/\/guilde-vignerons-thoronet.com\/index.php\/wp-json\/wp\/v2\/comments?post=113"}],"wp:attachment":[{"href":"https:\/\/guilde-vignerons-thoronet.com\/index.php\/wp-json\/wp\/v2\/media?parent=113"}],"wp:term":[{"taxonomy":"product_brand","embeddable":true,"href":"https:\/\/guilde-vignerons-thoronet.com\/index.php\/wp-json\/wp\/v2\/product_brand?post=113"},{"taxonomy":"product_cat","embeddable":true,"href":"https:\/\/guilde-vignerons-thoronet.com\/index.php\/wp-json\/wp\/v2\/product_cat?post=113"},{"taxonomy":"product_tag","embeddable":true,"href":"https:\/\/guilde-vignerons-thoronet.com\/index.php\/wp-json\/wp\/v2\/product_tag?post=113"}],"curies":[{"name":"wp","href":"https:\/\/api.w.org\/{rel}","templated":true}]}}