{"id":289,"date":"2026-04-02T11:02:17","date_gmt":"2026-04-02T09:02:17","guid":{"rendered":"https:\/\/guilde-vignerons-thoronet.com\/?page_id=289"},"modified":"2026-04-02T11:12:01","modified_gmt":"2026-04-02T09:12:01","slug":"nos-terroirs","status":"publish","type":"page","link":"https:\/\/guilde-vignerons-thoronet.com\/index.php\/nos-terroirs\/","title":{"rendered":"Nos terroirs"},"content":{"rendered":"\t\t<div data-elementor-type=\"wp-page\" data-elementor-id=\"289\" class=\"elementor elementor-289\" data-elementor-post-type=\"page\">\n\t\t\t\t<div class=\"elementor-element elementor-element-33e972c7 e-con-full e-flex e-con e-parent\" data-id=\"33e972c7\" data-element_type=\"container\" data-e-type=\"container\" data-settings=\"{&quot;background_background&quot;:&quot;slideshow&quot;,&quot;background_slideshow_gallery&quot;:[{&quot;id&quot;:291,&quot;url&quot;:&quot;https:\\\/\\\/guilde-vignerons-thoronet.com\\\/wp-content\\\/uploads\\\/2026\\\/04\\\/128A9801.jpg&quot;}],&quot;background_slideshow_loop&quot;:&quot;yes&quot;,&quot;background_slideshow_slide_duration&quot;:5000,&quot;background_slideshow_slide_transition&quot;:&quot;fade&quot;,&quot;background_slideshow_transition_duration&quot;:500}\">\n\t\t<div class=\"elementor-element elementor-element-4d1f60e6 e-con-full e-flex e-con e-child\" data-id=\"4d1f60e6\" data-element_type=\"container\" data-e-type=\"container\">\n\t\t<div class=\"elementor-element elementor-element-16335639 e-con-full e-flex e-con e-child\" data-id=\"16335639\" data-element_type=\"container\" data-e-type=\"container\" data-settings=\"{&quot;background_background&quot;:&quot;classic&quot;}\">\n\t\t\t\t<div class=\"elementor-element elementor-element-5716ee44 elementor-widget elementor-widget-heading\" data-id=\"5716ee44\" data-element_type=\"widget\" data-e-type=\"widget\" data-widget_type=\"heading.default\">\n\t\t\t\t\t<h3 class=\"elementor-heading-title elementor-size-default\">Notre terroirs<\/h3>\t\t\t\t<\/div>\n\t\t\t\t<\/div>\n\t\t\t\t<\/div>\n\t\t\t\t<\/div>\n\t\t<div class=\"elementor-element elementor-element-41b62958 e-con-full e-flex e-con e-parent\" data-id=\"41b62958\" data-element_type=\"container\" data-e-type=\"container\" data-settings=\"{&quot;background_background&quot;:&quot;classic&quot;}\">\n\t\t<div class=\"elementor-element elementor-element-72bd70fe e-con-full e-flex e-con e-child\" data-id=\"72bd70fe\" data-element_type=\"container\" data-e-type=\"container\">\n\t\t\t\t<div class=\"elementor-element elementor-element-23086b21 elementor-widget elementor-widget-image\" data-id=\"23086b21\" data-element_type=\"widget\" data-e-type=\"widget\" data-widget_type=\"image.default\">\n\t\t\t\t\t\t\t\t\t\t\t\t\t\t\t<img fetchpriority=\"high\" decoding=\"async\" width=\"800\" height=\"534\" src=\"https:\/\/guilde-vignerons-thoronet.com\/wp-content\/uploads\/2026\/03\/128A9900-1024x683.jpg\" class=\"attachment-large size-large wp-image-167\" alt=\"\" srcset=\"https:\/\/guilde-vignerons-thoronet.com\/wp-content\/uploads\/2026\/03\/128A9900-1024x683.jpg 1024w, https:\/\/guilde-vignerons-thoronet.com\/wp-content\/uploads\/2026\/03\/128A9900-300x200.jpg 300w, https:\/\/guilde-vignerons-thoronet.com\/wp-content\/uploads\/2026\/03\/128A9900-768x512.jpg 768w, https:\/\/guilde-vignerons-thoronet.com\/wp-content\/uploads\/2026\/03\/128A9900-1536x1025.jpg 1536w, https:\/\/guilde-vignerons-thoronet.com\/wp-content\/uploads\/2026\/03\/128A9900-600x400.jpg 600w, https:\/\/guilde-vignerons-thoronet.com\/wp-content\/uploads\/2026\/03\/128A9900.jpg 1920w\" sizes=\"(max-width: 800px) 100vw, 800px\" \/>\t\t\t\t\t\t\t\t\t\t\t\t\t\t\t<\/div>\n\t\t\t\t<\/div>\n\t\t<div class=\"elementor-element elementor-element-15259d46 e-con-full e-flex e-con e-child\" data-id=\"15259d46\" data-element_type=\"container\" data-e-type=\"container\">\n\t\t\t\t<div class=\"elementor-element elementor-element-186b37a6 elementor-widget elementor-widget-heading\" data-id=\"186b37a6\" data-element_type=\"widget\" data-e-type=\"widget\" data-widget_type=\"heading.default\">\n\t\t\t\t\t<h2 class=\"elementor-heading-title elementor-size-default\">Un lieu vivant<\/h2>\t\t\t\t<\/div>\n\t\t\t\t<div class=\"elementor-element elementor-element-44417116 elementor-widget elementor-widget-text-editor\" data-id=\"44417116\" data-element_type=\"widget\" data-e-type=\"widget\" data-widget_type=\"text-editor.default\">\n\t\t\t\t\t\t\t\t\t<p>Au Thoronet, notre cave coop\u00e9rative est un lieu vivant, fa\u00e7onn\u00e9 par des femmes et des hommes qui ont choisi d\u2019unir leurs forces. <br \/><br \/>La Guilde des Vignerons est n\u00e9e de la fusion entre La Thoron\u00e9enne et La Cannetoise, deux caves historiques qui ont d\u00e9cid\u00e9 d\u2019avancer ensemble pour renforcer leur savoir\u2011faire et donner une nouvelle dimension \u00e0 leur territoire.<\/p>\t\t\t\t\t\t\t\t<\/div>\n\t\t\t\t<\/div>\n\t\t\t\t<\/div>\n\t\t<div class=\"elementor-element elementor-element-42b1ad6a e-con-full e-flex e-con e-parent\" data-id=\"42b1ad6a\" data-element_type=\"container\" data-e-type=\"container\" data-settings=\"{&quot;background_background&quot;:&quot;classic&quot;}\">\n\t\t<div class=\"elementor-element elementor-element-e962933 e-con-full e-flex e-con e-child\" data-id=\"e962933\" data-element_type=\"container\" data-e-type=\"container\">\n\t\t\t\t<div class=\"elementor-element elementor-element-7b79da45 elementor-widget elementor-widget-heading\" data-id=\"7b79da45\" data-element_type=\"widget\" data-e-type=\"widget\" data-widget_type=\"heading.default\">\n\t\t\t\t\t<h3 class=\"elementor-heading-title elementor-size-default\">Nos parcelles<\/h3>\t\t\t\t<\/div>\n\t\t\t\t<div class=\"elementor-element elementor-element-4d57fb2a elementor-widget elementor-widget-text-editor\" data-id=\"4d57fb2a\" data-element_type=\"widget\" data-e-type=\"widget\" data-widget_type=\"text-editor.default\">\n\t\t\t\t\t\t\t\t\t<p>Notre cave s\u2019\u00e9tend aujourd\u2019hui sur 250 hectares en production, dont 180 hectares en AOP et 70 hectares en IGP, r\u00e9partis sur quatre communes. <br \/><br \/>Des terres baign\u00e9es de lumi\u00e8re, des sols qui prennent leurs nuances au fil des collines, des vents qui murmurent aux maturit\u00e9s : cette mosa\u00efque de paysages offre une palette d\u2019expressions unique, v\u00e9ritable signature de nos vins, r\u00e9guli\u00e8rement distingu\u00e9s lors des concours r\u00e9gionaux et nationaux.<\/p>\t\t\t\t\t\t\t\t<\/div>\n\t\t\t\t<\/div>\n\t\t<div class=\"elementor-element elementor-element-4bcce4e1 e-con-full e-flex e-con e-child\" data-id=\"4bcce4e1\" data-element_type=\"container\" data-e-type=\"container\" data-settings=\"{&quot;background_background&quot;:&quot;slideshow&quot;,&quot;background_slideshow_gallery&quot;:[{&quot;id&quot;:177,&quot;url&quot;:&quot;https:\\\/\\\/guilde-vignerons-thoronet.com\\\/wp-content\\\/uploads\\\/2026\\\/03\\\/128A9834.jpg&quot;}],&quot;background_slideshow_loop&quot;:&quot;yes&quot;,&quot;background_slideshow_slide_duration&quot;:5000,&quot;background_slideshow_slide_transition&quot;:&quot;fade&quot;,&quot;background_slideshow_transition_duration&quot;:500}\">\n\t\t\t\t<\/div>\n\t\t\t\t<\/div>\n\t\t<div class=\"elementor-element elementor-element-a6b2d04 e-con-full e-flex e-con e-parent\" data-id=\"a6b2d04\" data-element_type=\"container\" data-e-type=\"container\" data-settings=\"{&quot;background_background&quot;:&quot;classic&quot;}\">\n\t\t<div class=\"elementor-element elementor-element-e8e5dcf e-con-full e-flex e-con e-child\" data-id=\"e8e5dcf\" data-element_type=\"container\" data-e-type=\"container\" data-settings=\"{&quot;background_background&quot;:&quot;classic&quot;}\">\n\t\t\t\t<div class=\"elementor-element elementor-element-763fa0c elementor-widget elementor-widget-image\" data-id=\"763fa0c\" data-element_type=\"widget\" data-e-type=\"widget\" data-widget_type=\"image.default\">\n\t\t\t\t\t\t\t\t\t\t\t\t\t\t\t<img decoding=\"async\" width=\"683\" height=\"1024\" src=\"https:\/\/guilde-vignerons-thoronet.com\/wp-content\/uploads\/2026\/03\/128A0681-683x1024.jpg\" class=\"attachment-large size-large wp-image-173\" alt=\"\" srcset=\"https:\/\/guilde-vignerons-thoronet.com\/wp-content\/uploads\/2026\/03\/128A0681-683x1024.jpg 683w, https:\/\/guilde-vignerons-thoronet.com\/wp-content\/uploads\/2026\/03\/128A0681-200x300.jpg 200w, https:\/\/guilde-vignerons-thoronet.com\/wp-content\/uploads\/2026\/03\/128A0681-768x1151.jpg 768w, https:\/\/guilde-vignerons-thoronet.com\/wp-content\/uploads\/2026\/03\/128A0681-1025x1536.jpg 1025w, https:\/\/guilde-vignerons-thoronet.com\/wp-content\/uploads\/2026\/03\/128A0681-600x899.jpg 600w, https:\/\/guilde-vignerons-thoronet.com\/wp-content\/uploads\/2026\/03\/128A0681.jpg 1281w\" sizes=\"(max-width: 683px) 100vw, 683px\" \/>\t\t\t\t\t\t\t\t\t\t\t\t\t\t\t<\/div>\n\t\t\t\t<\/div>\n\t\t<div class=\"elementor-element elementor-element-a4e85bd e-con-full e-flex e-con e-child\" data-id=\"a4e85bd\" data-element_type=\"container\" data-e-type=\"container\">\n\t\t\t\t<div class=\"elementor-element elementor-element-7c29230 elementor-widget elementor-widget-heading\" data-id=\"7c29230\" data-element_type=\"widget\" data-e-type=\"widget\" data-widget_type=\"heading.default\">\n\t\t\t\t\t<h3 class=\"elementor-heading-title elementor-size-default\">Notre approche viticole<\/h3>\t\t\t\t<\/div>\n\t\t\t\t<div class=\"elementor-element elementor-element-d9d225e elementor-widget elementor-widget-text-editor\" data-id=\"d9d225e\" data-element_type=\"widget\" data-e-type=\"widget\" data-widget_type=\"text-editor.default\">\n\t\t\t\t\t\t\t\t\t<p>Derri\u00e8re chaque parcelle, il y a un visage, une famille, une histoire. Nos 38 vignerons perp\u00e9tuent des gestes transmis par leurs anciens, gestes simples et pr\u00e9cis, fa\u00e7onn\u00e9s par des g\u00e9n\u00e9rations qui ont appris \u00e0 \u00e9couter la terre. <br \/><br \/>Ici, la vigne se travaille avec respect, patience et humilit\u00e9, dans cet esprit proven\u00e7al o\u00f9 l\u2019on avance au rythme des saisons.<br \/><br \/>L\u2019\u00e9volution du climat nous pousse \u00e0 affiner chaque geste, de la vigne \u00e0 la cave. Pratiques culturales ajust\u00e9es, \u00e9quipements performants, suivi \u0153nologique rigoureux : notre modernisation est raisonn\u00e9e, guid\u00e9e par la volont\u00e9 de prot\u00e9ger nos terroirs et de garantir des vins pr\u00e9cis, \u00e9quilibr\u00e9s et fid\u00e8les \u00e0 leur origine. <br \/><br \/>Cette exigence technique, alli\u00e9e \u00e0 une adaptation constante, prolonge l\u2019h\u00e9ritage de ceux qui ont fa\u00e7onn\u00e9 ces paysages avant nous.<\/p><p>La transmission est au c\u0153ur de notre d\u00e9marche : transmettre des gestes, une vision, une responsabilit\u00e9. Pr\u00e9server ce que nos anciens nous ont confi\u00e9, tout en donnant aux g\u00e9n\u00e9rations futures les moyens de faire vivre ce territoire solaire, g\u00e9n\u00e9reux et exigeant. <br \/><br \/>Ici, chaque vendange est un passage de relais, un moment o\u00f9 le pass\u00e9 et l\u2019avenir se rejoignent autour d\u2019un m\u00eame savoir-faire.<\/p>\t\t\t\t\t\t\t\t<\/div>\n\t\t\t\t<\/div>\n\t\t\t\t<\/div>\n\t\t\t\t<\/div>\n\t\t","protected":false},"excerpt":{"rendered":"<p>Notre terroirs Un lieu vivant Au Thoronet, notre cave coop\u00e9rative est un lieu vivant, fa\u00e7onn\u00e9 par des femmes et des hommes qui ont choisi d\u2019unir leurs forces. La Guilde des Vignerons est n\u00e9e de la fusion entre La Thoron\u00e9enne et La Cannetoise, deux caves historiques qui ont d\u00e9cid\u00e9 d\u2019avancer ensemble pour renforcer leur savoir\u2011faire et [&hellip;]<\/p>\n","protected":false},"author":1,"featured_media":0,"parent":0,"menu_order":0,"comment_status":"closed","ping_status":"closed","template":"","meta":{"footnotes":""},"class_list":["post-289","page","type-page","status-publish","hentry"],"jetpack_sharing_enabled":true,"_links":{"self":[{"href":"https:\/\/guilde-vignerons-thoronet.com\/index.php\/wp-json\/wp\/v2\/pages\/289","targetHints":{"allow":["GET"]}}],"collection":[{"href":"https:\/\/guilde-vignerons-thoronet.com\/index.php\/wp-json\/wp\/v2\/pages"}],"about":[{"href":"https:\/\/guilde-vignerons-thoronet.com\/index.php\/wp-json\/wp\/v2\/types\/page"}],"author":[{"embeddable":true,"href":"https:\/\/guilde-vignerons-thoronet.com\/index.php\/wp-json\/wp\/v2\/users\/1"}],"replies":[{"embeddable":true,"href":"https:\/\/guilde-vignerons-thoronet.com\/index.php\/wp-json\/wp\/v2\/comments?post=289"}],"version-history":[{"count":7,"href":"https:\/\/guilde-vignerons-thoronet.com\/index.php\/wp-json\/wp\/v2\/pages\/289\/revisions"}],"predecessor-version":[{"id":297,"href":"https:\/\/guilde-vignerons-thoronet.com\/index.php\/wp-json\/wp\/v2\/pages\/289\/revisions\/297"}],"wp:attachment":[{"href":"https:\/\/guilde-vignerons-thoronet.com\/index.php\/wp-json\/wp\/v2\/media?parent=289"}],"curies":[{"name":"wp","href":"https:\/\/api.w.org\/{rel}","templated":true}]}}